p - 9. Calculate the remainder when 16 is divided by p.
7
Suppose o = -2*o + 84. Let j be (-50)/(-12) - 4/24. Suppose -h + j*h - 30 = 0. What is the remainder when o is divided by h?
8
Let r(t) = t + 6. Let p be r(-6). Suppose f - 1 + p = 0. What is the remainder when 1 is divided by f?
0
Suppose 140 = j + 3*j. Suppose 3*z - 105 - j = 2*f, 2*z = -f + 84. Suppose z + 24 = 2*r. What is the remainder when r is divided by 12?
10
Let z(g) = -g**2 - 13*g + 27. What is the remainder when z(-13) is divided by 6?
3
Let n(k) = -2*k**3 - 2*k**2 - k + 1. Suppose -3*t - 38 + 128 = 0. What is the remainder when t is divided by n(-2)?
8
Let o = 18 - 12. Let y(x) = x**2 - 8*x - 5. Let m be y(8). Let w = o + m. What is the remainder when w is divided by 1?
0
Let f(u) = u**3 - 4*u**2 - 8*u - 3. Suppose -3*v - 22 = -6*v + j, 5*j + 50 = 5*v. Let c be f(v). Let o = -13 + c. What is the remainder when o is divided by 3?
2
What is the remainder when 4 is divided by (1 + 0)/(9/27)?
1
Let o(z) = -z + 3. Let w be o(-5). Suppose w*b - 3*b = -55. Let d = b - -48. Calculate the remainder when d is divided by 13.
11
Suppose 3*l - 20 = -4*g, 0 = -2*g + 3*l + 9 + 1. Calculate the remainder when 11 is divided by g.
1
Let s = 22 + -11. Calculate the remainder when s is divided by 4.
3
Suppose 0 = -5*y - o + 105, 2*y - 48 = 4*o - 6. Calculate the remainder when (-6)/y - 2064/(-21) is divided by 25.
23
Suppose 3*s + 6 = 4*d, -s + 2*s = 3*d - 7. What is the remainder when 7 is divided by s?
1
Suppose -4*c + c + 12 = 0. Suppose -c*d = -94 + 2. Let x = 56 - 12. Calculate the remainder when x is divided by d.
21
Let o = 108 + -70. Calculate the remainder when o is divided by 13.
12
Suppose -5*a - 50 = -10*a. Calculate the remainder when 39 is divided by a.
9
Let s(l) = 0*l + 0*l - l - l**2 + 7 - l. What is the remainder when s(-3) is divided by 3?
1
Let m(l) = -10*l - 42. Let d be 1 + (0 + 1)*-1. Suppose d*g - 2*g = -30. What is the remainder when g is divided by m(-5)?
7
Suppose -4*d - l = -24, -7*l + 2*l = -5*d + 30. What is the remainder when d is divided by 4?
2
Suppose -5*p + 167 = 3*d, 8*d - 4*d - 3*p = 271. What is the remainder when d is divided by 18?
10
Let a(r) = -30*r + 3 + 0 - 1 - 1. Calculate the remainder when a(-2) is divided by 21.
19
Let t = 88 + 3. What is the remainder when t is divided by 47?
44
Let u be (-2)/7 + 432/42. Suppose 2*h - u + 0 = 0. What is the remainder when 17 is divided by h?
2
Let c(v) = -v + 16. Let q = 6 + 2. What is the remainder when 15 is divided by c(q)?
7
Let f = -25 - -35. What is the remainder when 59 is divided by f?
9
What is the remainder when 61 is divided by (-32)/(-2) - (3 + -3)?
13
Let o be (-4)/10 + (-24)/(-10). Let w(t) be the third derivative of t**5/15 - t**4/8 + t**3/6 - 2*t**2. Calculate the remainder when 20 is divided by w(o).
9
Let d be (-14)/21*(-3 - 0). Suppose -b + 265 = 5*o, 22 = 4*b + d. Calculate the remainder when o is divided by (-248)/(-14) - (-4)/14.
16
Let h = -42 + 24. Let u = -15 - -5. Let s = u - h. What is the remainder when 23 is divided by s?
7
Let g = -12 + 8. Calculate the remainder when (1 + -81)*g/10 is divided by 17.
15
What is the remainder when -4 + (43 - (1 - -3)) is divided by (6/8)/((-1)/(-12))?
8
Let u = 45 + -15. Suppose -22 = 10*j - 12*j. Calculate the remainder when u is divided by j.
8
Let d(f) = -7*f + 11. What is the remainder when d(-4) is divided by 21?
18
Let r(q) = -q - 1. Let p be r(-5). Suppose 20 - p = 4*v, 4*d - 56 = 5*v. Suppose -6 = -5*o + d. What is the remainder when o is divided by 3?
2
Let z(t) = -15*t - 24. Let n(c) = -1. Let b(i) = -72*n(i) + 3*z(i). Calculate the remainder when b(-1) is divided by 23.
22
Let x(q) = -q**2 - 7*q + 8. Let p(d) = -d**2 - 6*d - 1. Calculate the remainder when x(-6) is divided by p(-3).
6
Suppose g + 121 = 4*s, 4*g = -s - 0 + 9. Calculate the remainder when s is divided by 10.
9
Let j = 42 - 8. What is the remainder when j is divided by 7?
6
Let m = -6 + 3. What is the remainder when 9*(m - -1)/(-6) is divided by 3?
0
Let z(y) = -y**2 + 9*y + 8. Let u be z(9). Suppose -2*o + 386 = 3*o + 2*q, 4*q + u = 0. What is the remainder when o is divided by 20?
18
Suppose 1085 = 38*a + 211. Suppose 0*s + 5*s = 65. Calculate the remainder when a is divided by s.
10
Suppose 3*q = -15, -3*q = -2*f + 6*f - 1. Suppose 0 = 3*v - f*v + 44. Suppose -2*y + 4*y - v = 0. What is the remainder when y is divided by 6?
4
Suppose 152 = 3*y + 16*y. Suppose 0*b - 4*b + 116 = 0. What is the remainder when b is divided by y?
5
Let v(h) = 5*h. Let y be v(1). Suppose -y*f + 104 = -6*f. What is the remainder when (-4)/6 + f/(-12) is divided by 5?
3
Suppose 44 = -3*o + 62. Suppose 0 = -5*l + 54 - 9. Calculate the remainder when l is divided by o.
3
Let n = -4 - -6. Suppose 4*t + n*i = 18, 3*i - 17 - 2 = -2*t. What is the remainder when 57 is divided by (t - 7) + 3 - -17?
12
Suppose 4*z = -6 + 58. What is the remainder when (-9 + 1)/(2/(-6)) is divided by z?
11
What is the remainder when 6 is divided by (-1)/(-4 - -3)*2?
0
Let f = 5 - -6. Let j be (3/(-3) - -8) + -2. Suppose j*u - 25 = -y, 4*y + f = -u - 3. Calculate the remainder when 17 is divided by u.
5
Suppose -2*m - 3*m = 120. Let v = m + 60. Calculate the remainder when v is divided by 19.
17
Let i(c) = c**2 + c - 4. Suppose 5*z + d = 14, -8*z + 2*d + 17 = -3*z. Calculate the remainder when (-45)/(-2) - 1/2 is divided by i(z).
6
Let i(t) = -t**2 - t. Let b be i(-2). Let w be b/2 - (4 - -18). Let c = w - -90. Calculate the remainder when c is divided by 23.
21
Let g(a) = 8*a - 36. Calculate the remainder when g(13) is divided by 2/9 - 124/(-9).
12
Calculate the remainder when 41 is divided by (-5)/(-10) - (-63)/6.
8
Let v(u) = 10*u**2 - 2*u + 3. Calculate the remainder when v(2) is divided by 10.
9
Suppose 2*r + 4*w - 62 = 0, 0 = -r + w + 37 - 6. Suppose -2*v + 17 = 1. What is the remainder when r is divided by v?
7
Suppose 11 = 5*u + c - 11, -3*c = 4*u - 22. What is the remainder when (-1 + -32)*(2 - u) is divided by 17?
15
Let m(z) = 2*z**3 - 6*z**2 + 4*z - 4. Let t be m(4). Suppose -3*r = -4*k + 37, -t = -5*k - 0*r + 3*r. Calculate the remainder when 18 is divided by k.
4
Suppose 31 = 3*v - 2. What is the remainder when 40 is divided by v?
7
Let f = 128 + -112. Calculate the remainder when f is divided by 4.
0
Let q(y) = -y**2 + 10*y - 9. Calculate the remainder when 42 is divided by q(6).
12
Suppose -5*t + 18 = -2*t. Let g be (-2)/t - 80/(-15). Suppose 3*q + 3*u - 60 = 0, -4*q - g*u + 89 = -10*u. What is the remainder when q is divided by 11?
10
Let j(p) = 2*p**2 - 8*p + 3. Calculate the remainder when 25 is divided by j(5).
12
Suppose 0*g + 2*g = -4. Let w = 1 + g. Let p = w - -7. What is the remainder when p is divided by 4?
2
Suppose -4*i - 37 = -3*x + 90, x + 4*i - 69 = 0. Suppose -5*o + 55 = -30. Calculate the remainder when x is divided by o.
15
Let s be ((-3)/(-4))/(((-4)/256)/1). Suppose -2*b + 5*b + 102 = 0. Let z = b - s. Calculate the remainder when z is divided by 5.
4
Let v be 9/3*4/6. Suppose -3*l + 5 = v*l. Suppose -5*i - 19 = -4*a, -2*a - i + l = 2*a. What is the remainder when 2 is divided by a?
0
Suppose -4*x = -6*x + 98. Let w = x + -4. Calculate the remainder when w is divided by 16.
13
Let i(k) = -2*k**3 + 2*k**2 + 3*k + 1. Calculate the remainder when i(-2) is divided by 10.
9
Let x(q) = 28*q**2 + 2*q + 1. Let h be x(-1). Let w = h + -15. Calculate the remainder when 45 is divided by w.
9
Let u = 33 - -56. Suppose 0*p = -2*p + 3*y + 47, -4*p = -5*y - u. Calculate the remainder when 30 is divided by p.
14
Let d = -1 + 5. Calculate the remainder when 84/(-2)*(-15)/45 is divided by d.
2
Let i(z) = 3*z**2 - 5*z - 4. Let l(u) = u**2 - u + 13. What is the remainder when i(-3) is divided by l(0)?
12
Suppose -4*r - 6 = -7*r. Suppose -r*z + 34 = -z. What is the remainder when z is divided by -12*(15/2)/(-5)?
16
Let m be (2*3)/((-2)/12). Let g be (-2)/(-5) - m/(-15). What is the remainder when 1 + (-6 + -2)*g is divided by 6?
5
Suppose 5*x - 1261 = -8*x. Calculate the remainder when x is divided by 14.
13
Suppose 0 = 4*d + 3*x - 43 - 9, 0 = 3*d + 2*x - 39. Suppose 4*c - d = a + 2*a, 5*c - 19 = a. What is the remainder when 1 is divided by a?
0
Suppose 2*p = 3*f - 7, 3*p - 4*f + 5 = -3. Calculate the r